Let j(u) = 26*u + 19. Let x be j(8). Let f = 368 - x. Is f prime?
False
Let p be 0/((-6)/3 + 4). Suppose p = -0*y + 3*y - 3435. Suppose -3*o + y = -418. Is o composite?
False
Let i = 5578 + 2763. Is i a prime number?
False
Let h be (2/(-4))/(6/(-120)*2). Suppose -7856 = -4*c + 4*w, -3*c + h*w = 503 - 6385. Is c prime?
False
Let h = -57518 + 86269. Is h prime?
True
Suppose -5*q + 7*y = 11*y - 1386, -5*q - y = -1389. Is q a composite number?
True
Is ((-68898)/4)/(-3)*4/2 a composite number?
False
Let p be (-81)/(-9)*(-2)/(-9). Suppose -p*a + 495 = -179. Is a a prime number?
True
Suppose -4*a = 3*o + 32, -3*a - 18 = -5*o + 6. Is (2/a)/(3/(-30948)) composite?
False
Let b(l) = 8*l**2 + 11*l - 11. Let u be b(-11). Suppose 0 = 2*h - 6*h + u. Is h prime?
False
Let d be ((-68)/51)/(4/18). Is ((-3)/d*-1)/((-5)/790) a prime number?
True
Is (-3)/36*(6 + -63273)*4 composite?
False
Let b(k) = -k**3 + 22*k**2 + 2*k + 10. Let y = 10 - -11. Is b(y) composite?
True
Let c be 8/3*-2*-3. Let a be (-1)/(66/(-69) - -1). Let r = c - a. Is r composite?
True
Suppose 98002 = 4*t + 3*a, 5*t + 5*a - 112680 - 9825 = 0. Is t a prime number?
True
Suppose -p = -0*g - 4*g - 2429, -p + 5*g + 2425 = 0. Suppose -5*h = -0*h - p. Is h/(-9)*-1*3 prime?
True
Suppose -15*w = -12*w + 3*m - 11388, 0 = 2*w - 3*m - 7577. Is w composite?
False
Suppose -8*s - 2*s - 220 = 0. Let n(a) = -13*a + 40. Is n(s) prime?
False
Let c be 83 - (-2 - 2/1). Is 2301/27 + (c/(-27) - -3) a composite number?
True
Let m = 225365 - 149022. Is m a composite number?
False
Let d be 7 - 4/2 - 3. Suppose -d*o - o = 0. Suppose o*r + 55 = 5*r. Is r composite?
False
Let f(c) = c**3 + 8*c**2 - c - 2. Let z be 2/((-6)/(-8) - 1). Let q be f(z). Is 5268/(-8)*q/(-9) prime?
True
Let x be -10 + -2 - (-2 - -1). Let j(b) = -2*b**2 + 6*b + 11. Let f(g) = g**2 - 2*g - 2. Let h(r) = 4*f(r) + j(r). Is h(x) a composite number?
True
Let v = 93 - -66. Suppose 2*o - 3*x = -2, o = -10*x + 7*x + 17. Is (-13)/(((-15)/v)/o) prime?
False
Let v(u) = 2*u**3 + 8*u**2 - u - 1. Let o be v(4). Suppose 0 = -3*l + o + 220. Is l prime?
True
Suppose 0 = v + 184 + 222. Let j = -108 - v. Is j composite?
True
Let g be (-2)/(-8) + (198/(-24) - 6). Is g/7 + 1*3165 + 0 a prime number?
True
Is (9/(-6))/(18/118596*-1) composite?
False
Let q be (-1 + 7)/((-9)/6). Is 3 - (q - 150*1) a prime number?
True
Let v = 27 + 6. Suppose 5*g = -3*t + v, 0 = -4*g - 0*g + 2*t + 44. Suppose 3*z = g, r - 119 = -z - z. Is r a composite number?
False
Let g(z) = -z**2 + 7*z + 30. Let x be g(10). Suppose x*l - l = -293. Is l a composite number?
False
Let c(p) = -18*p**2 + 6 - p**3 - 12 + 1 - 3*p. Is c(-18) a composite number?
True
Let z = 78222 + -45731. Is z a prime number?
True
Let n(s) = -16*s**3 + 2*s + 3. Let c be (-1)/(-3 + 16/6). Suppose 4*u + c = -5. Is n(u) a composite number?
False
Suppose 2*s + 2*u = -0*s + 4, -4*u = -4*s - 8. Suppose -5*x = -s + 60. Is 1437/12 + x/16 prime?
False
Let y = 898 + -107. Is y a composite number?
True
Suppose h + 15 = 4*h. Let o be 15/((-1)/h*-1). Suppose -73 - o = -4*b. Is b prime?
True
Let y(u) be the first derivative of 5*u**3/3 + 5*u**2/2 + 13*u - 8. Is y(15) a composite number?
False
Let r(b) = 44*b - 2. Let i = -33 + 23. Let k(a) = a**3 + 9*a**2 - 9*a + 12. Let t be k(i). Is r(t) a composite number?
True
Let v(s) = 846*s - 35. Is v(2) prime?
True
Is ((-35515)/10)/(((-5)/(-5))/(-2)) a prime number?
True
Suppose -2*j + 6*j - 40 = 0. Let y be (-75)/(-2) + j/20. Let m = y + 39. Is m composite?
True
Suppose -4*m + 64674 = 14*m. Is m a composite number?
False
Let g(b) = b**3 - 8*b**2 - 12*b. Suppose -3*o + 2 = -c + 8, -4*c = 4*o - 40. Let p be g(c). Let d = 70 + p. Is d a composite number?
False
Let c be ((-42)/4)/(3/(-2)). Suppose 0 = -c*b + 816 + 1235. Is b a prime number?
True
Suppose 4*l = 12, -2*w + 5*l - 9011 - 3220 = 0. Let k be (-2)/(w/(-1528) + -4). Let z = -505 + k. Is z a prime number?
False
Suppose -275*j = -281*j + 20022. Is j a composite number?
True
Let o(h) = -30*h + 6. Let t be o(-2). Suppose r = t + 53. Is r a prime number?
False
Suppose 3*x + 0*o + o - 2567 = 0, -4*o + 2555 = 3*x. Let n = -462 + x. Is n prime?
False
Let d be 5*2437*4/(-4). Let g = d + 7874. Is (-4)/14 + g/(-21) prime?
False
Suppose 0 = 3*u - 3564 + 417. Is u composite?
False
Let u = -27 + 22. Let o be (0/5)/(u + 3). Suppose 5*y - 505 - 190 = o. Is y prime?
True
Let t = 26 - 17. Let o(u) = 5*u + 10. Is o(t) composite?
True
Let f(d) = 7*d**2 + 15*d + 89. Is f(-48) a composite number?
False
Let z = 15 + -6. Let b = z - 6. Suppose 0 = 3*l + 5*i - 437, 3*l + b*i - 476 + 35 = 0. Is l a composite number?
False
Let x = 3310 - -16243. Is x a prime number?
True
Is -5 + ((-7)/(-28) - 33596/(-16)) a composite number?
True
Let y be 3 + (-1 - 28*-17). Suppose 0*m + 1947 = 4*m + 5*u, y = m + 3*u. Is m a prime number?
False
Let q = 9 - 4. Suppose 112 + 38 = q*u. Suppose 35 + u = x. Is x composite?
True
Let f(u) = 26*u**3 + 31*u**2 + 1. Let p(n) = 5*n**3 + 6*n**2. Let t(b) = -2*f(b) + 11*p(b). Is t(4) composite?
True
Let j = -129 + 134. Suppose 2*a + 1598 + 1071 = 3*i, -j*i = 3*a - 4423. Is i a prime number?
True
Suppose 0 = -22*c + 15*c + 8834. Is c composite?
True
Let g = 2 - -10. Let v be g/2 + -3 + -1. Suppose -v*h = -133 - 121. Is h a composite number?
False
Let n = 11 + -7. Suppose n*s = -0*s + 784. Suppose 3*d - 8*d = 2*w - s, -3*w + 269 = -5*d. Is w prime?
False
Suppose 4*i - 15*r - 95890 = -12*r, 4*r = -5*i + 119847. Is i prime?
True
Let v(n) = n**3 - 9*n**2 + 20*n - 3. Let j be v(5). Let y(f) = 36*f**2 - 3*f - 4. Is y(j) prime?
False
Let x = 11 - 1. Suppose x*k - 5*k - 100 = 0. Let p = 643 - k. Is p prime?
False
Let b be (23/(-3))/(1/21). Is (0 - 1)*(b + -2) composite?
False
Let k(z) = -4*z - 2. Let x(l) = l**3 + 9*l**2 + 9*l + 4. Let a be x(-8). Is k(a) prime?
False
Suppose -12*s + 58992 = 4*s. Is s prime?
False
Suppose 10*m = 15*m - 45. Suppose -5*x = 2*b - 73, -x - b = -8 - m. Is x a composite number?
False
Let f(h) = 3*h**3 + 2*h**2 - 12*h - 8. Let g be f(-6). Let o = g + 807. Is o composite?
True
Suppose -56 - 34 = -3*y. Is 34554/y - (-8)/(-10) a composite number?
False
Suppose -151665 = 5*l - 10*l. Is l prime?
False
Let z(s) = -101*s**3 - 4*s**2 + 2*s + 9. Is z(-4) a prime number?
False
Let k(r) = 1072*r**2 + r + 1. Let t be k(1). Suppose 0 = -6*c + c + 70. Is t/c - (-8)/28 a composite number?
True
Let p be 0 - (4 - 2) - -4. Is (2*307)/((p - 4) + 4) a prime number?
True
Suppose 0 = -5*w - 3*c + 62218, 5*w - 6*w + 12440 = -3*c. Is w composite?
True
Let t(k) be the second derivative of -41*k**6/720 + k**5/30 - k**4/2 + 5*k. Let u(g) be the third derivative of t(g). Is u(-3) a prime number?
True
Let y(l) = l**2 - l. Let x be y(-4). Suppose -4*j - x = j. Is -5*1*(-67 + j) prime?
False
Let g = -44 + 43. Is (2 + -3)/g - -2728 prime?
True
Suppose -2*p = -5*f + 10*f - 36035, 3*p - 21621 = -3*f. Is f composite?
False
Let u(k) = -204*k**3 + 3*k**2 - 6*k - 5. Is u(-2) a prime number?
False
Is (-28655)/(-9 + 4) - (-11 + 11) prime?
False
Suppose 266 = 42*k - 41*k. Suppose 0 = -5*r - 0*q + 3*q + 257, -r - 3*q = -37. Let y = k - r. Is y a composite number?
True
Suppose 15616 + 281 = 7*b. Is b composite?
True
Suppose -m + 0*r - 7 = -r, m - 3*r + 17 = 0. Let f = -390 - m. Is f/(-1)*(-15)/(-20) composite?
True
Suppose 0 = 4*q - 0*q - 8. Suppose 0 = -3*f + 6*f - 18. Is ((-4)/f)/(q/(-1371)) a composite number?
False
Is ((-2085 - -2) + (3 - 3))*-5 a composite number?
True
Let d = -11 + 14. Suppose -5*n = -d*j - 589, -5*j + n - 985 = -4*n. Let u = j - -329. Is u a composite number?
False
Suppose 3*w - 105 + 1824 = 0. Let c(n) = 8*n - 18. Let v be c(2). Is v*(-2)/(-12)*w a prime number?
True
Let k be (-1*3/6)/(3/(-35568)). Suppose 4*m = -4*b + k, -4*b + 3*m + 1332 = -4561. Is b a composite number?
True
Let w(v) = 404*v**3 - 6*v**2 + 15*v + 24. Is w(5) a prime number?
False
Suppose 6*g + 28 - 52 = 0. Suppose c - 4*c = 2*w - 583, 0 = 4*w + g*c - 1160. Is w a prime number?
False
Let r = -181 + 323. Let t = r - 27. Is t a composite number?
True
Suppose 264*l - 276*l + 667452 = 0. Is l a prime number?
True
Let f = -1437 - -782. Let c = 1286 + f. Is c a prime number?
True
Is 1 + (-135915)/(-7) - (-9)/(-21) composite?
False
Suppose 14 - 30 = 2*c. Is 68/2 + (c - -9) a prime number